- s. Determine g(c).
0
Let i(n) be the first derivative of 5*n - 14 - 1/3*n**3 - 5/2*n**2. Calculate i(-6).
-1
Let s(i) = -2*i - 1. Suppose -25*g - 28 = -21*g. What is s(g)?
13
Let d(b) be the third derivative of b**5/120 + b**4/24 + b**3/6 - 8*b**2. Let r(f) be the first derivative of d(f). Determine r(6).
7
Let x(g) = 15 + 6*g - 6 - 6 - 8*g - 2. What is x(-8)?
17
Let a(d) be the third derivative of 0*d - 1/12*d**5 + 1/120*d**6 + 2/3*d**3 + 0 + 1/8*d**4 + 11*d**2. Calculate a(3).
-5
Let d(y) = 3*y - 8*y**2 - 3*y**2 + 27*y**2 - 15*y**2. Let v be (-78)/12 - 3/(-2). Give d(v).
10
Let i be (4/(-5))/(18/45). Suppose 0 = -s - 3*z + 2, -s = 4*z - 3*z - 2. Let n(x) = -4 - 52*x**2 + 51*x**s + x + 6. Calculate n(i).
-4
Let q(j) = -j**2 + 3*j + 6. Let w be q(5). Let o(p) = 2*p + 4. Let i(l) = -4*l - 8. Let c(d) = -3*i(d) - 5*o(d). Determine c(w).
-4
Let r(s) = s**3 - 5*s**2 + 2*s - 6. Let x = 56 + -46. Let p be (-75)/(-30)*(2 - 4/x). Calculate r(p).
-14
Let b = 4 + -3. Let i(n) = b + n + 3 - 5. Give i(0).
-1
Let c(t) = 490429 - 8*t - 490425 + 4*t + 2*t**2. What is c(5)?
34
Let g(w) be the second derivative of 5*w**3/6 + 21*w**2/2 - 8*w - 40. Calculate g(-6).
-9
Let h(t) be the second derivative of 2*t**3/3 + 7*t**2/2 + 2*t. Let s(x) = -8*x - 13. Let u(p) = -7*h(p) - 4*s(p). Suppose 3 - 13 = 5*y. Calculate u(y).
-5
Let x be 6/(-27) + (-7)/9. Let s(b) be the first derivative of 7*b**2/2 + 836. Give s(x).
-7
Let t(r) = -2*r**3 + 4*r**2 + 2*r + 5. Let s(z) = 2*z**3 - 3*z**2 - 3*z - 5. Let l(p) = -4*s(p) - 5*t(p). Give l(4).
3
Let f(p) = -2*p. Suppose r = -w + 40, 2*w - r - r - 84 = 0. Let h = w - 38. Determine f(h).
-6
Let d(m) = 9*m + 4. Let o(j) = 13*j - 1. Let n(q) = 12*q. Let x(z) = 4*n(z) - 3*o(z). Let s(u) = -4*d(u) + 5*x(u). Give s(1).
8
Let l(y) be the second derivative of -y**3 + 0 - 4*y + 1/12*y**4 + 5/2*y**2. Determine l(4).
-3
Let u(o) = -2*o + 42*o**2 - 8 + o - 7*o - 43*o**2 - 4*o. Give u(-11).
3
Let l(p) = 549*p + 550*p - 1097*p - p**2. Calculate l(-2).
-8
Let v(h) = h**3 + h**2 + h. Let b(l) = -7*l**3 - 8*l**2 - 2*l + 2. Let g(n) = -b(n) - 5*v(n). Calculate g(-2).
0
Let g(i) = -8*i - 14. Let a be (204/(-24))/((-1)/2). Let k(t) = 3*t + 5. Let y(x) = a*k(x) + 6*g(x). Calculate y(-1).
-2
Let i(o) = -16*o**2 + 3*o + 2. Let z(j) = 31*j**2 - 8*j - 5. Let q(w) = 5*i(w) + 2*z(w). Give q(-1).
-17
Let i(o) be the first derivative of o**4/4 + 3*o**3 - 11*o**2/2 + 14*o + 49. What is i(-10)?
24
Let h(s) = 9 - 6*s**2 - 15 - s**3 + 2 - 7*s - 2. Let x(z) = -4*z. Let m be x(-1). Suppose 1 = -f - m. Calculate h(f).
4
Let y(p) = 0 - 1 - 17*p**3 + 10*p**3. Let w(h) = h**2 + 1. Let c be w(0). Suppose 0 = -a - c. Determine y(a).
6
Let a(f) = -2*f - 6. Let v(w) = -w - 5. Let j(g) = -6*a(g) + 7*v(g). Determine j(3).
16
Let x(r) be the first derivative of -r**2 - 3*r + 15. Let s = -10 + 14. Let i = s + 0. What is x(i)?
-11
Suppose 2*i + 2 + 4 = 0. Let d(j) = 276*j**2 - 3 - 275*j**2 - 2 + 7 + 2*j. What is d(i)?
5
Let a(h) = 5*h - 8 - 2*h**2 - h + 3*h**2. Let t be 216/18*8/3. Suppose -2*u - 32 = 2*u - 2*i, -2*u + 5*i - t = 0. Give a(u).
4
Suppose 5*n = 5, -5*c + 2*n = -0*c + 37. Let l(b) = 2 + 3 - b + 5 - 4. Determine l(c).
13
Let m(r) be the third derivative of -5*r**4/24 + 5*r**3/3 + 27*r**2. Let p(y) = -4*y + 9. Let a(v) = -5*m(v) + 6*p(v). Calculate a(-7).
-3
Let b(a) be the third derivative of -1/60*a**5 + 0 + 7*a**2 - 5/24*a**4 + 0*a - 1/2*a**3. Calculate b(-4).
1
Let j(g) = 266*g - 516*g + 5 + 256*g. Give j(6).
41
Suppose 0*r - 3*j - 1 = 4*r, 4*r - 5*j - 23 = 0. Let s(n) = -n**3 + 107 - 2*n - 2*n**r - 55 - 50. Give s(-3).
17
Suppose -3*m - 33 = 4*q, 2*q + 3*m + 1 = -20. Let i be (8/q)/(18/(-27)). Let b(y) = y + 0*y**i + 3*y**2 - 5*y + 3*y. What is b(-1)?
4
Suppose 4*x - 189 = -0*m + 3*m, 0 = -3*x - 4*m + 173. Let v = x + -49. Let h(u) = u**3 - 2*u + 3. Calculate h(v).
7
Let d(u) = -13*u - 22. Let y(m) = 3*m + 6. Let n(c) = -2*d(c) - 9*y(c). Determine n(-13).
3
Let j(b) = -b**2 - 16*b - 11. Let a(l) = -2*l - 1. Let p(g) = 4*a(g) - j(g). Determine p(-6).
-5
Let z(t) be the second derivative of -t**4/6 - t**3 - 2*t + 89. Calculate z(-4).
-8
Suppose 61*u = 37*u + 34*u. Let v(a) = -a**3 + 44. Determine v(u).
44
Let i be 2/(-12) - 37/(-6). Let g be 138/24 - i/8. Let f(r) = -r**2 + 6*r - 2. Give f(g).
3
Let a(l) be the first derivative of -l**2/2 - 27*l + 734. Calculate a(-20).
-7
Let a(v) = -v**3 - 4*v**2 + 5*v - 2. Let q = -184 - -179. Determine a(q).
-2
Let h(w) be the second derivative of w**5/20 + w**4/12 - 11*w**2/2 - 125*w + 1. Give h(0).
-11
Let r(y) = -y**2 + y + 2. Let b(o) = 31*o**2 - o + 1. Let m be b(1). Let s = m + -28. Determine r(s).
-4
Let m(n) = n**2 - 30. Let v be (0/(-8 - 2))/3. Give m(v).
-30
Let k(o) = 8*o**2 - 2*o - 2. Let i(d) = 20*d + 418. Let y be i(-21). What is k(y)?
34
Let m(t) = 5*t**2 + 9*t + 5. Let z(g) = 6*g**2 + 10*g + 7. Let q(b) = -5*m(b) + 4*z(b). Calculate q(-3).
9
Suppose 2*k - 5*q = -14 + 51, -5*k + 50 = -4*q. Let v = k - 11. Let o(u) be the third derivative of -u**5/60 - u**4/12 + 7*u**3/6 + 3*u**2 + 10*u. What is o(v)?
-8
Let v(n) = 5*n**3 + 19*n**2 - n - 8. Let j(l) = -l**3 - l**2. Let i(c) = -4*j(c) - v(c). Determine i(-15).
-7
Let m(h) be the second derivative of -2*h**7/105 - h**6/180 + h**5/60 - h**4/24 + h**3/2 + 42*h. Let j(c) be the second derivative of m(c). Give j(1).
-17
Suppose -5*y - 62 = -3*v, 68 = -5*v + 3*y + 198. Let b(u) = u**3 - 8*u**2 + v*u**2 - 17*u**2 + u. Determine b(-3).
6
Let t(g) be the third derivative of 0*g**3 + 0 + 0*g - 5*g**2 + 1/24*g**4. Calculate t(2).
2
Suppose g - 4 = -5*f, -22 = 2*f + 4*g - 38. Let v(x) be the third derivative of x**3 - 1/120*x**6 + 1/15*x**5 + 0 + f*x - 1/6*x**4 + 5*x**2. Determine v(4).
-10
Let m be -5*4/40*-4. Suppose 32 = m*j + 2*j. Let f(k) = 5*k - j - 6*k + 4*k. Determine f(6).
10
Let s(j) = -j**2 - 6480*j - j**2 + 2 + 6500*j. Determine s(10).
2
Let z be 3/(-9)*-6 - 33. Let v = z + 33. Let x(w) = -4 + 4*w**2 + 5*w - w**3 + 0*w**3 + 0 + v. Determine x(5).
-2
Let y(t) = -5 + 2*t - 3*t - 6. Let j be -10*(4/((-80)/(-116)) - (-14 + 19)). What is y(j)?
-3
Let r(k) = 2*k - 1. Let a be r(2). Let t be (5 + -3)/(-1 + 2). Let b(i) = -13*i**2 - 4*i + 1 + 14*i**2 + 4 - t. What is b(a)?
0
Let y(o) = o**3 - o + 6. Let m be y(0). Let k(f) be the second derivative of -5/6*f**3 + 4*f + 0 + 1/12*f**4 - 3*f**2. What is k(m)?
0
Let i(d) = d**3 + 8*d**2. Let v be i(-7). Let x be 42/v*(-14)/(-3). Let p(o) = -o - 4. What is p(x)?
-8
Let b be 6 + 550/(-154) + (-8)/(-14). Let l(w) be the second derivative of -1/20*w**5 + 0 + 1/3*w**4 - 8*w - 3*w**2 + 1/3*w**b. Determine l(4).
2
Let h be 4/10 + 16/(-40). Let a = 1 + h. Let r be a - (-2 + -1 - -5). Let t(l) = -7*l - 1. Determine t(r).
6
Let c = 362 + -360. Let q(g) = -12*g + 3. Calculate q(c).
-21
Let a = 17 - 15. Let x(n) = a - 3*n + n**2 + 1 + 6*n. Let g = -194 + 190. What is x(g)?
7
Let h(l) be the third derivative of -1/8*l**4 + 1/20*l**5 + 1/120*l**6 + 0 + 5/6*l**3 + 0*l + 11*l**2. Determine h(-4).
1
Let c(i) = -1 + 0*i - 5*i + 2*i. Suppose -5*u + 51 = -5*p - 19, 5*u + 3*p - 54 = 0. Suppose 15 = 9*n - u. Calculate c(n).
-10
Suppose -3 + 7 = 2*p. Suppose 5*i = -0*a - 2*a - 11, -5*a + 5*i + 25 = 0. Let f(y) = 2*y**2 - a*y**2 - 2*y + 1 - 3*y**2. Determine f(p).
-15
Let d(z) be the second derivative of -z**4/12 + 13*z**3/6 + 11*z**2/2 + 3*z - 55. Give d(11).
33
Let n(b) = 4*b**3 + b**2 - 1. Let s(k) = -k**2 + k - 1. Let z = -13 - -16. Let t be (2 + 1)/z - 1. Let q be s(t). Give n(q).
-4
Let z(b) = -4*b + 4. Let h be (-8)/2 - (-19 + 15). Let m be z(h). Let v(t) = -2*t**2 + 6*t - 2. Give v(m).
-10
Let y be (-4)/(-2) - (-2 + -1). Let u(j) be the first derivative of -11*j + 1/2*j**2 + 7. Calculate u(y).
-6
Let c be ((15/20)/(-1))/(-3). Let s(q) be the first derivative of 2*q + c*q**4 + 0*q**2 + 0*q**3 - 6. Determine s(0).
2
Let h(x) = x**2 - 5*x - 13. Let u be ((-2)/8)/(55/(-1980)). Give h(u).
23
Let x be 2 + -3 - 0/2. Let o(c) = 24*c**3 + 26*c**2 + 11*c. Let a(z) = -11*z**3 - 12*z**2 - 5*z. Let q(g) = -13*a(g) - 6*o(g). Calculate q(x).
2
Let f(m) = 7*m**3 - 23*m**2 + 8. Let h(u) = 3*u**3 - 11*u**2 + 4. Let p(a) = -4*f(a) + 9*h(a). Let i(k) = -k**2 - k + 35. Let w be i(6). Calculate p(w).
4
Let a(s) = 5*s - 14. Let y(i) = -4*i + 11. Let p(k) = 